{"id":30,"date":"2009-06-28T02:19:23","date_gmt":"2009-06-28T01:19:23","guid":{"rendered":"http:\/\/wp02.krabat-badehaus.de\/?page_id=30"},"modified":"2025-05-10T12:56:51","modified_gmt":"2025-05-10T10:56:51","slug":"preise-und-kosten","status":"publish","type":"page","link":"https:\/\/www.krabat-badehaus.de\/?page_id=30","title":{"rendered":"Preise und Kosten"},"content":{"rendered":"<p>Hier eine Auflistung wie sich unsere Unkosten zusammenstellen.<\/p>\n<p>Fahrtkosten: 2 Autos, Hin- und R\u00fcckfahrt ab Heilbronn je 30 Cent\/Km.<\/p>\n<p>Materialverbrauch (Badezus\u00e4tze, \u00f6le, Liegepapier usw.): 5\u20ac\/Tag.<\/p>\n<p>Technikverschlei\u00df: Con bis 200 Leute 5\u20ac\/Tag, ab 200 Leute 10\u20ac\/Tag.<\/p>\n<p>Die Badecrew (bei 2 Zubern 10-12 Personen) ist vom Conbeitrag befreit.<\/p>\n<p>Ein Zelt mit ca. 50 m\u00b2 Grundfl\u00e4che wird vom Veranstalter gestellt. Strom- und Wasserkosten tr\u00e4gt der Veranstalter.<\/p>\n<p>Verpflegung der Badehauscrew VB.<\/p>\n<p><u>Verbrauchszahlen:<\/u><br \/>\nStrom pro Tag: ca. 72KWh (Der Verbrauch ist aber auch stark von der Au\u00dfentemperatur abh\u00e4ngig und kann von dem Wert hier abweichen.)<br \/>\nWasser pro Zuber und Tag: ca. 1,4 m\u00b3<\/p>\n<p>Der Staffelpreis f\u00fcr den Technikverschlei\u00df ist deswegen so, weil bei gr\u00f6\u00dferen Cons die Nachfrage gr\u00f6\u00dfer ist und somit auch der Verschlei\u00df der Technik. Die Erfahrung einiger Jahre zeigt, dass bei ca. 200 Personen die Nachfrage sp\u00fcrbar steigt.<\/p>\n<p>Im laufe der Jahre haben wir fest gestellt das bei Gro\u00dfcons (1000+ Spieler) der Stress auf Grund hoher Terminnachfrage sehr stark wird.<br \/>\nDeswegen haben wir uns dazu entschieden das wir nur noch in Ausnahmen auf Cons kommen die wesentlich mehr als 600 Teilnehmer haben.<br \/>\nR\u00fccksprachen bei gr\u00f6\u00dferen Cons sind aber dennoch m\u00f6glich.<\/p>\n","protected":false},"excerpt":{"rendered":"<p>Hier eine Auflistung wie sich unsere Unkosten zusammenstellen.<\/p>\n<p>Fahrtkosten: 2 Autos, Hin- und R\u00fcckfahrt ab Heilbronn je 30 Cent\/Km.<\/p>\n<p>Materialverbrauch (Badezus\u00e4tze, \u00f6le, Liegepapier usw.): 5\u20ac\/Tag.<\/p>\n<p>Technikverschlei\u00df: Con bis 200 Leute 5\u20ac\/Tag, ab 200 Leute 10\u20ac\/Tag.<\/p>\n<p>Die Badecrew (bei 2 Zubern 10-12 Personen) ist vom Conbeitrag befreit.<\/p>\n<p>Ein Zelt mit ca. 50 m\u00b2 Grundfl\u00e4che wird vom [&#8230;]<\/p>\n","protected":false},"author":1,"featured_media":0,"parent":0,"menu_order":3,"comment_status":"closed","ping_status":"closed","template":"","meta":{"footnotes":""},"class_list":["post-30","page","type-page","status-publish","hentry","odd"],"_links":{"self":[{"href":"https:\/\/www.krabat-badehaus.de\/index.php?rest_route=\/wp\/v2\/pages\/30","targetHints":{"allow":["GET"]}}],"collection":[{"href":"https:\/\/www.krabat-badehaus.de\/index.php?rest_route=\/wp\/v2\/pages"}],"about":[{"href":"https:\/\/www.krabat-badehaus.de\/index.php?rest_route=\/wp\/v2\/types\/page"}],"author":[{"embeddable":true,"href":"https:\/\/www.krabat-badehaus.de\/index.php?rest_route=\/wp\/v2\/users\/1"}],"replies":[{"embeddable":true,"href":"https:\/\/www.krabat-badehaus.de\/index.php?rest_route=%2Fwp%2Fv2%2Fcomments&post=30"}],"version-history":[{"count":17,"href":"https:\/\/www.krabat-badehaus.de\/index.php?rest_route=\/wp\/v2\/pages\/30\/revisions"}],"predecessor-version":[{"id":622,"href":"https:\/\/www.krabat-badehaus.de\/index.php?rest_route=\/wp\/v2\/pages\/30\/revisions\/622"}],"wp:attachment":[{"href":"https:\/\/www.krabat-badehaus.de\/index.php?rest_route=%2Fwp%2Fv2%2Fmedia&parent=30"}],"curies":[{"name":"wp","href":"https:\/\/api.w.org\/{rel}","templated":true}]}}